Evaluate 12 - (43 + -2 + -44).
15
What is the value of (-3 - -1) + 13 + (-56 - -41)?
-4
What is (10 - (27 - 10 - -38)) + 11?
-34
-7 - (-100 - ((5 - (10 - 5) - 6) + -1))
86
Evaluate -91 - (82 + -99 - 117).
43
(-14 - 24 - -57) + -7 + 3 + -3
12
What is (14 - 14) + (48 - 60) + -32?
-44
1 + 22 - (-38 + (146 - 85))
0
Evaluate -98 + 2 - (10907 - 10914).
-89
What is -4 + (14 - (0 - 0) - (11 - 2)) - 58?
-57
(-2 - -59) + -238 + 146
-35
What is the value of -72 - (35 + 85 - 308)?
116
Calculate (-47 - (-39 + 8)) + 16 + (-7 - -2).
-5
Evaluate (0 - -56) + 7 + -6 + 55 + -29 + -19.
64
Evaluate 0 + 13 + (16 + -2 - 53) - 7.
-33
8 + -3 + -12 + (35 + -7 - 45)
-24
What is 57 + (-13 - 0 - (-41 - (21 - 42)))?
64
-97 - (-32 + 2 + (-1 - -15))
-81
Evaluate (-32 + -33 - 22) + 3 + -7 + 12.
-79
(-17 - -11) + (-83 - (87 - 61))
-115
What is the value of 19 + (155 - 162) + 1 + (-7 - -14)?
20
Calculate (5675 - 5823) + (-1 - -52).
-97
Calculate 1014 + -929 - (-11 + 5 + 31).
60
What is 0 + 86 - 3 - (12394 - 12374)?
63
Evaluate -38 + 13 + 19 - (-7 + -3 + 4).
0
Evaluate 6 - (-2 - -4 - -2) - (-14 + (1 - -10)).
5
What is -74 - (-11 - (-62 - -34 - -23))?
-68
Evaluate -10 + -3 + (8 - -28).
23
Calculate 60 + -1 - (4104 - 4048).
3
What is the value of -47 + -3 + (-23 - 4) + 12 - -16?
-49
Evaluate 35 + -92 + (5 - -17) + 20.
-15
What is the value of (1 - 16 - (-58 + 57 + -9)) + 125?
120
What is the value of -17 + -1 + (0 - 1) + 1 + 17 + -15?
-16
Evaluate 10 + 15 + (-58 - -10).
-23
Evaluate -3 + 2 + 2 + 23 + (-32 - -47) + 26.
65
What is the value of 5 - 1 - (-5 - (-3 + 7 + (10 - 6)))?
17
-4 - -1 - (46 + -10 + (8 - 5))
-42
Calculate (-493 - -472) + -2 + 10 + -24 + 27.
-10
What is the value of (135 - (160 - 79)) + 24?
78
Evaluate -78 + -5 + (-4 - 13).
-100
46 - (-26 - 32 - (0 + -31))
73
What is the value of (25 + -15 - -20) + -3 + -1 + 0?
26
Calculate -8 - -3 - (7 + -52) - (-170 - -178).
32
Calculate -12 - (19 - (-40 + 3)) - -8.
-60
What is 33 + -3 + -69 + -78 + 61?
-56
-75 + 0 - ((-215 - -465) + -271)
-54
What is the value of -2 + 6 - 17 - (584 + -585) - (-1 + 11)?
-22
Calculate 167 - (99 + -164 + 148).
84
What is the value of 18 - (-36 + 120) - (3 + -11 - 13)?
-45
-6 - (-29 - -37 - 5)
-9
What is the value of 193 + -89 - 161 - -66?
9
What is 23 - (-26 + 4 + 47)?
-2
What is (-8 - (-1 + 0)) + (70 - 53) - (-10 + 91)?
-71
What is the value of (-44 - 8) + (-14 - -31) - 1?
-36
Calculate -16 + 19 - (34 - ((-1 - -1) + -1 + 7)).
-25
What is 2 + -48 + 12 + 57?
23
What is 2 + 0 + 1 - (1 - (7 - -83 - 6))?
86
What is the value of -15 - 39 - 126 - (-30 - 12)?
-138
What is -60 + 54 + 61 + -3?
52
Calculate 3 - ((15 - 1) + -81 + 20) - 4.
46
Calculate 23 + -40 + -35 + 21 + -5.
-36
Calculate (-16 - (13 - -2)) + 18 - -68.
55
Evaluate (1 - (25 - -1)) + -8 + (46 - 27 - 2).
-16
Calculate -3 + 94 + -31 + 2.
62
(-15 - ((-3 - -12) + -2 + -19)) + 21
18
-36 - (-17 + 9 + 0 + 10)
-38
6 + -4 + -13 + -2 - (-38 + 33) - 76
-84
What is the value of 44 + (12 - 46 - -43)?
53
Evaluate -125 + -4 - ((1 - (-7 + 1 + 4)) + 3).
-135
What is the value of (140 - 150) + -1 + 3?
-8
What is -81 - (-44 - (-20 + 17))?
-40
What is the value of 114 - (74 - 98 - -8 - (5 + 2))?
137
48 + 2 + -1 + (-43 - -33 - 0)
39
What is 1 + 39 - (-74 + (56 - 30) + 29)?
59
Calculate -98 + (49 + -41 + (-11 - 2 - -5) - 5).
-103
What is the value of -27 - (33 - -14 - 82)?
8
What is -8 - (19 - (-65 - -31))?
-61
Evaluate -10 - 2 - -31 - (0 - 29).
48
Calculate (42 - (-3 + 81)) + 22.
-14
What is the value of 23 - (23 - 15 - 5) - -21?
41
(0 - (2 - -15)) + 5505 + -5445
43
Calculate 0 + -102 - (519 + -298 + -249).
-74
Calculate -2 - -43 - (65 - 57).
33
What is the value of 84 + 24 + -75 - (-48 + 10)?
71
10 - (-56 - -21 - -17 - (-56 + 2))
-26
Evaluate -90 + 3 - (34 + 12 + -69).
-64
What is the value of -42 + (2805 + -2804 - (-1 + 2 + (5 - 1)))?
-46
(-10 - -15) + 1 + -48
-42
What is the value of (-75 - -22) + -9 + (-8 - 0)?
-70
What is -71 + 44 + -16 - -52?
9
Calculate 11 + 3 + (-18 - -3 - -11) - 11.
-1
What is the value of 254 - 339 - (-43 - -4)?
-46
11 + (-32 - (-5 + 11) - 6)
-33
-722 + 722 + (2 + 2 - ((1 - -3) + 3))
-3
What is the value of -4 - -3 - (643 + -610)?
-34
Evaluate 5 + 6 + -39 - (561 + -567).
-22
-71 + (154 - 61) + -20
2
-927 + 932 + (-2 - (-18 + 2))
19
(-5 - -77 - -37) + (6 - (12 + -6)) + -6
103
Evaluate (-1 + -1 + (10 - 52) + 37 - -10) + 53.
56
72 - (-13 - -51) - 17
17
What is the value of (-56 - (-97 - -24)) + -80?
-63
What is the value of -25 - -39 - (-5 - -6 - 12 - -86)?
-61
What is 39 + (-61 - -38 - -13)?
29
Calculate -96 - (-36 + (62 - 51)).
-71
Evaluate (1470 - 1483) + (3 - -2) + (-1 - (0 - -2)).
-11
Calculate -4 + 0 + 2 - (-1433 - -1471).
-40
(0 - 1) + 10 + (-14 - 0) + 7
2
What is -142 + 26 + 1 + 73?
-42
What is the value of (9 - 26) + (-48 - (1 + -1))?
-65
Evaluate 6 - (-3 + -2 + 5 + -31) - (2 + 1).
34
What is -12 + 3 + 13 + -5 - (62 - -33)?
-96
Calculate (4 - (-147 - -135 - (-1 + -23))) + -15.
-23
Evaluate 19 + 2 + -2 - (-1375 - -1381).
13
Calculate -14 + 43 + -18 + 22.
33
30 + -95 - (-33 - -11) - 7
-50
Calculate (1 + 1 - (-12 + (-2 - -8))) + -6 - 14.
-12
What is (1 + 0 - 4) + -13 + 100 + -79 + -10?
-5
Evaluate (2 - -7) + (1133 - 1154) - -105.
93
What is 54 + -1 + -4905 + 4883?
31
Evaluate 90 + (0 + -14 - ((-10 - -15) + -11 + 3)).
79
What is the value of 2 + -1 - (11 + 1) - ((-10 - -14) + -43)?
28
What is (-9 + 1 - (1670 + -1688)) + (-18 - (-2 + 2))?
-8
What is -15 + (1 + 21 - (215 - 232))?
24
What is the value of -169 - -130 - ((7 - 11) + 11)?
-46
What is the value of -1 + -1 + (-8 - (13 + 5 + (-41 - -10)))?
3
What is -7 + (-40 + 7 + -25 - -18)?
-47
What is -47 - (-20 + (-19 - 2))?
-6
182 + -128 + 12 - 33
33
(1 + -22 + -80 + 68 - -18) + 56
41
What is the value of (-16 - -36) + (-50 - -17 - (-14 - 3))?
4
(23 - (30 + 25) - -30) + -2 + 38 + 0
34
What is the value of 45 - (-37 + (46 - -46))?
-10
What is 61 + -102 + 128 + -4?
83
Calculate 95 + -108 + 26 + 1 + (-3 - 6) + 7.
12
What is 37 - (-28 - -87) - (15 - -3)?
-40
What is -135 + 31 + 45 - (-6 + (1 - 3))?
-51
What is 24 + 38 + 312 + -459?
-85
What is the value of 9 + -8 + -8 + (18 + 3 - 5)?
9
What is the value of -8 + -114 - (-308 + 54)?
132
What is the value of -172 - -173 - (2 - (0 + -3 - -81))?
77
Calculate -1 + (-7 - 2) + -2 - (10031 + -10007).
-36
(-266 - (-234 - -129)) + 108
-53
Evaluate -11 + (8 - 17 - (-70 - -15 - -11)).
24
What is -5 + -2 + (-2 - (55 + (4 - (-8 - -21))))?
-55
What is the value of -7 - (0 + -13) - ((-2 - -8) + -4)?
4
What is (2 + 14 - (387 + -283)) + 11?
-77
Evaluate (-21 - -14 - -25 - -7) + 2.
27
What is 66 + -54 - (-10 - -2) - (-24 - -89)?
-45
Evaluate -243 + 257 + (31 - 0).
45
Evaluate 10 - ((1 - -13 - 0) + 9 + -12).
-1
107 + -2 + (-137 - -55)
23
What is the value of 129 + -256 - (16 - 75)?
-68
What is 9 + (35 + 69 - 78 - (1 + 0 - 0))?
34
Calculate 78 + (12 - ((5 - 16) + 34) - 4).
63
What is -22 + 30 - (-1 - 7) - (33 - -10)?
-27
What is -37 + (9 - (12 + (-19 - -4)))?
-25
Evaluate 89 + -1 + 4567 + -4541 + -1 + -35.
78
What is the value of (210 - 204) + (27 - -17)?
50
15 + (5 - 1) + (-714 - -749)
54
Evaluate (-22 - 0) + -124 - -85.
-61
2 - (-1 + 1 + -84 + 77)
9
What is 56 + (1 - 2) + (-14 - -63) + -48?
56
What is the value of 76 + -45 + -39 + (2 - 41)?
-47
-29 + 0 + 1 + 16 + -26 + (1 - 1)
-38
-27 - 19 - -55 - -35
44
Calculate -57 - -28 - -23 - ((-6 + 4 - -5) + -21).
12
What is (-42 - -118) + -131 - (1 - 10 - (4 - 2))?
-44
What is the value of (-8 - 77) + 126 - (39 + 0)?
2
Evaluate 106 + (2275 + -2266 - (-1 - -28)).
88
Evaluate 27 + (50 + -54 + 40 - 44).
19
What is 9 + (15 + -22 + -10 - -14) - (-3 + 127)?
-118
(-91 - (-69 - 80)) + -129
-71
-4 + 4 + (-21 - -10) + 2 + 57
48
Calculate 86 - ((0 + (14 - 10) - 14) + (3 - -19)).
74
What is -35 + (43 + -17 - -39)?
30
What is (2 - 18) + -3 + -6 + (-14 - -14) + 14?
-11
Calculate -79 + 3 - (-10 + (13 - (-1 - -16)) + 24).
-88
What is the value of 985 + -1007 + (-22 - -2)?
-42
Evaluate (-44 - -13) + (-190 - -218).
-3
What is the value of -41279 + 41309 - (0 + -35 + 0)?
65
What is the value of 20 + -16 - ((2 + -8 - -12) + -13)?
11
What is the value of 59 + -7 + -8 + (-7 - (-7 - 9))?
53
18 + -15 - (-1 + -44 - ((2 - 14) + 20))
56
Evaluate -7 + 6 + 19 - (51 + -23) - -24.
14
What is the value of (17 - 29 - 0) + (13 - 5 - 6) - 4?
-14
Cal